{"id":551,"date":"2016-01-08T13:23:55","date_gmt":"2016-01-08T13:23:55","guid":{"rendered":"http:\/\/www.esmer-benin.org\/home\/wp-content\/uploads\/2016\/01\/P1041254.jpg"},"modified":"2016-01-08T13:34:00","modified_gmt":"2016-01-08T13:34:00","slug":"olympus-digital-camera-17","status":"inherit","type":"attachment","link":"https:\/\/esmer-benin.org\/home\/lancement-officiel-de-la-rentree-universitaire-2015-2016-a-lesmer\/olympus-digital-camera-17\/","title":{"rendered":""},"author":2,"featured_media":0,"comment_status":"closed","ping_status":"closed","template":"","meta":[],"class_list":["post-551","attachment","type-attachment","status-inherit","hentry"],"description":{"rendered":"<p class=\"attachment\"><a href='https:\/\/esmer-benin.org\/home\/wp-content\/uploads\/2016\/01\/P1041254.jpg'><img loading=\"lazy\" decoding=\"async\" width=\"300\" height=\"225\" src=\"https:\/\/esmer-benin.org\/home\/wp-content\/uploads\/2016\/01\/P1041254-300x225.jpg\" class=\"attachment-medium size-medium\" alt=\"\" srcset=\"https:\/\/esmer-benin.org\/home\/wp-content\/uploads\/2016\/01\/P1041254-300x225.jpg 300w, https:\/\/esmer-benin.org\/home\/wp-content\/uploads\/2016\/01\/P1041254-150x113.jpg 150w, https:\/\/esmer-benin.org\/home\/wp-content\/uploads\/2016\/01\/P1041254-768x576.jpg 768w, https:\/\/esmer-benin.org\/home\/wp-content\/uploads\/2016\/01\/P1041254-1024x768.jpg 1024w\" sizes=\"auto, (max-width: 300px) 100vw, 300px\" \/><\/a><\/p>\n"},"caption":{"rendered":"<p>De la gauche \u00e0 la droite: Professeur Yao AZOUMAH; Monsieur DJA\u00cfTO Bertin Repr\u00e9sentant du Pr\u00e9sident du Conseil d&rsquo;Administration; le Vice-Pr\u00e9sident charg\u00e9 de la P\u00e9dagogie et de la Coordination des Enseignements en la personne de Monsieur DOGNON Z\u00e9phyrin, et du Vice-Pr\u00e9sident charg\u00e9 de la Gestion Administrative et Financi\u00e8re Monsieur TCHEGNONSI Henri<\/p>\n"},"alt_text":"","media_type":"image","mime_type":"image\/jpeg","media_details":{"width":4608,"height":3456,"file":"2016\/01\/P1041254.jpg","sizes":{"thumbnail":{"file":"P1041254-150x113.jpg","width":150,"height":113,"mime_type":"image\/jpeg","source_url":"https:\/\/esmer-benin.org\/home\/wp-content\/uploads\/2016\/01\/P1041254-150x113.jpg"},"medium":{"file":"P1041254-300x225.jpg","width":300,"height":225,"mime_type":"image\/jpeg","source_url":"https:\/\/esmer-benin.org\/home\/wp-content\/uploads\/2016\/01\/P1041254-300x225.jpg"},"medium_large":{"file":"P1041254-768x576.jpg","width":768,"height":576,"mime_type":"image\/jpeg","source_url":"https:\/\/esmer-benin.org\/home\/wp-content\/uploads\/2016\/01\/P1041254-768x576.jpg"},"large":{"file":"P1041254-1024x768.jpg","width":1024,"height":768,"mime_type":"image\/jpeg","source_url":"https:\/\/esmer-benin.org\/home\/wp-content\/uploads\/2016\/01\/P1041254-1024x768.jpg"},"full":{"file":"P1041254.jpg","width":4608,"height":3456,"mime_type":"image\/jpeg","source_url":"https:\/\/esmer-benin.org\/home\/wp-content\/uploads\/2016\/01\/P1041254.jpg"}},"image_meta":{"aperture":2.8,"credit":"","camera":"E-M1","caption":"OLYMPUS DIGITAL CAMERA","created_timestamp":1451899863,"copyright":"","focal_length":"12","iso":"1600","shutter_speed":"0.05","title":"OLYMPUS DIGITAL CAMERA","orientation":1,"keywords":[]}},"post":547,"source_url":"https:\/\/esmer-benin.org\/home\/wp-content\/uploads\/2016\/01\/P1041254.jpg","_links":{"self":[{"href":"https:\/\/esmer-benin.org\/home\/wp-json\/wp\/v2\/media\/551","targetHints":{"allow":["GET"]}}],"collection":[{"href":"https:\/\/esmer-benin.org\/home\/wp-json\/wp\/v2\/media"}],"about":[{"href":"https:\/\/esmer-benin.org\/home\/wp-json\/wp\/v2\/types\/attachment"}],"author":[{"embeddable":true,"href":"https:\/\/esmer-benin.org\/home\/wp-json\/wp\/v2\/users\/2"}],"replies":[{"embeddable":true,"href":"https:\/\/esmer-benin.org\/home\/wp-json\/wp\/v2\/comments?post=551"}]}}

<p>De la gauche à la droite: Professeur Yao AZOUMAH; Monsieur DJAÏTO Bertin Représentant du Président du Conseil d&rsquo;Administration; le Vice-Président chargé de la Pédagogie et de la Coordination des Enseignements en la personne de Monsieur DOGNON Zéphyrin, et du Vice-Président chargé de la Gestion Administrative et Financière Monsieur TCHEGNONSI Henri</p>
